y(q) = -4*q + 69. Let j(o) be the second derivative of o**3/3 - 18*o**2 - 165*o + 2. Let i(v) = -5*j(v) - 3*y(v). Give i(16).
5
Let z(a) be the second derivative of a**5/60 - a**4/6 - 5*a**3/3 + 87*a**2 - 2*a + 37. Let p(q) be the first derivative of z(q). Determine p(6).
2
Let q(w) = -1. Let u(x) = x - 3. Let v(h) = -q(h) - 2*u(h). Let y(b) = -3*b + 9. Let i(p) = -5*v(p) + 4*y(p). Give i(-3).
7
Suppose 161 - 281 = -30*m. Let t(z) be the second derivative of -1/12*z**m - 5*z - 1/2*z**3 + 0 - 5/2*z**2. Calculate t(-4).
-9
Let c(n) = -12*n + 3*n**2 - n**2 - 2 - 14*n + 25*n. Calculate c(-2).
8
Let f(y) be the second derivative of 0 - 1/2*y**2 + y**3 - 327*y. Determine f(1).
5
Let z(d) be the second derivative of -8*d**3/3 + 7*d**2 + 5026*d. Determine z(3).
-34
Let n(d) = 4*d - 54. Let o(j) = -j + 7. Let g(y) = -n(y) - 6*o(y). Let c be (-42)/6 + 1/(-1). Give g(c).
-4
Let i(k) be the second derivative of 1/6*k**3 - 1/5*k**5 + 0 - 1/6*k**4 + 0*k**2 + 2*k. Suppose -4*f - 5*u = -14, -13 = -5*f + 2*f - 5*u. Calculate i(f).
-5
Let b(c) = 2*c - 13. Let x(g) = -72*g**3 + 14*g + 6. Let m be x(-3). Let f be m/371 + (-1)/7. Determine b(f).
-3
Let f(g) = 12*g + 31. Let v = 200 + -194. Let i(n) = -5*n - 15. Let p(a) = v*f(a) + 14*i(a). What is p(9)?
-6
Let q(y) = -2*y + 1. Let f(x) = -x**2 + 4*x + 10. Let o(j) = -1. Let n(m) = f(m) + 3*o(m). Let p be n(5). Calculate q(p).
-3
Let r(d) = -22*d - 102. Suppose 0 = -5*u + 5*k - 20, -9*k + 4*k = -2*u - 8. Calculate r(u).
-14
Let a = -3990 - -3995. Let d(q) = -4*q**2 + 19*q + 4. Calculate d(a).
-1
Let i(c) be the second derivative of -11*c**4/12 + 6*c - 175. Let l = 1 - 2. Calculate i(l).
-11
Let b(j) be the first derivative of -j**2/2 + 58*j - 3884. Determine b(53).
5
Let k(z) = -20*z**3 + 43*z**3 - 21*z**3 + 2*z - 2*z**2 - 5. Let l be k(2). Let i(d) = -d + 9. Give i(l).
2
Let d(c) = 40*c**3 + c**2. Suppose 9*w = 462 - 453. Determine d(w).
41
Let s = 2 - 2. Let n(m) = -13*m**2 + 437*m - 16. Let a(q) = -23*q**2 + 777*q - 28. Let x(w) = 9*a(w) - 16*n(w). Give x(s).
4
Let l be 93/9 + (-2)/(-3). Suppose -38 = -13*b + l*b. Let c(m) = -6 + 38 + m**2 - b. Give c(0).
13
Let g(t) = -70. Let r(c) = -c + 515. Let z(u) = -8*g(u) - r(u). Calculate z(-11).
34
Let u = -7685 - -7690. Let z(a) = 4*a**2 - a + 30. Give z(u).
125
Let g(t) = 740*t + 5. Let q(f) = -1050*f - 7. Let p(x) = 17*g(x) + 12*q(x). Let m(w) = -w**2 + 4*w + 1. Let d be m(4). What is p(d)?
-19
Suppose 28 = 56*l - 52*l. Suppose 4*p - 3*c = 21, -6*c + l*c = -5*p + 31. Suppose -16 + p = -5*x. Let r(g) = 2*g + 2. What is r(x)?
6
Let s be (3 - (-22)/12) + (-2)/(-12). Let k = -9 + 11. Let t(p) = -1 + 5*p - 6 + k. What is t(s)?
20
Let u(s) be the first derivative of -s**3/3 - 7*s**2 - 49*s + 1343. Give u(-6).
-1
Let q(c) = c + 0*c**3 - 2*c**3 + 4*c**3 + 2 + 2*c**2. Suppose -5*y + 21 = -3*m, 5*y - 16*m - 11 = -18*m. Let a be ((-5 + 2)/y)/(7/14). Calculate q(a).
-8
Let f(c) be the first derivative of -c**5/20 - c**4/6 + c**3/3 - 37*c + 46. Let u(n) be the first derivative of f(n). Give u(-4).
24
Let g = 2613 + -2621. Let c(n) = -9*n + 12. What is c(g)?
84
Let d(f) = 8*f - 59. Suppose -78*h + 81*h - 39 = 3*v, 5*h = -3*v + 41. Calculate d(h).
21
Let l(z) = -z**2 + 29*z - 31. Let r = 12155 + -12127. Calculate l(r).
-3
Let n(t) be the second derivative of t**3/6 - 65*t**2/2 - 107*t + 18. What is n(27)?
-38
Let h(l) = l + 2*l**3 - 7*l**2 - 12 - 9*l - 13*l**2 + 5*l**2 + 24*l**2. Determine h(-5).
3
Let g(u) = -u**2 - 5*u - 2. Suppose 81*h = 697 - 211. Give g(h).
-68
Let q(i) = i + 4. Let w(h) = -h + 6. Let r be w(10). Let a be -1 + 3/(-12)*r. Suppose 3*x = 5*z - 37, a = 3*x - 0*z + 4*z - 8. Determine q(x).
0
Let w(m) = -80*m + 483. Let q be w(6). Let x(j) = -17*j + 26. Give x(q).
-25
Let d be (38/(-8)*-3)/(1/4). Suppose d*q = 58*q - 7. Let g(p) = p**2 - 5*p - 12. Give g(q).
2
Let a(z) be the third derivative of -z**5/30 - z**4/12 - z**3/2 + z**2 + 140*z. Calculate a(-8).
-115
Let u(x) be the first derivative of x**4/4 - x**3 - 7*x**2/2 + 20*x - 728. What is u(5)?
35
Let i(b) = 5*b**2 - 3*b**2 - 2*b - 11 + 4*b**2 - 5*b**2. Let l be ((-14 - -14)/8)/(6 - 0). Give i(l).
-11
Let x(y) = -y**2 - 4*y - 2. Let n(u) = u**2 + 5*u + 3. Let k(g) = -3*n(g) - 2*x(g). Let q be 18/(-63) - 1/((-7)/2). Suppose -48 = -q*b + 12*b. Determine k(b).
7
Let z(u) = u - 1. Let c(m) = 2*m + 21. Let v be c(-10). Let d be z(v). Let t(a) = d*a + 1 + 4*a + 0*a. Calculate t(2).
9
Let j(r) = -11 - 38*r + 3 + 47*r - 12 + 2*r**2. What is j(2)?
6
Let n(a) = 4*a + 9. Let f be -5 - (12/(-21))/((-4)/14). What is n(f)?
-19
Let g(d) = -3*d - 90. Let y(f) = f + 25. Let b(x) = 4*g(x) + 15*y(x). Calculate b(-2).
9
Let l(j) = 3*j**3 - j**2 + 1. Let g(q) = 5*q**3 - 21*q**2 + q + 43. Let p(t) = g(t) - 2*l(t). Calculate p(-19).
22
Let u(z) = -z**2 - 28*z - 99. Let b be u(-18). Let a(f) = b - 18 - 25 + f - 19 - 25. Give a(-4).
-10
Let z(x) be the first derivative of -x**4/4 - 10*x**3/3 - 13*x**2/2 - 19*x - 689. Determine z(-9).
17
Let j(a) = 1 + 4*a - 4*a + 6*a - 5*a. Calculate j(-11).
-10
Suppose 25*f + 29*f - 342 = 16*f. Let m(b) = 3*b - 31. Determine m(f).
-4
Let m(c) = -4*c**2 - c - 31. Let a(p) = 5*p**2 + p + 33. Suppose -5*l + 47 - 62 = 0. Let t(u) = l*a(u) - 4*m(u). Calculate t(0).
25
Let p = -22 - -65. Let w = p - 38. Suppose 0 = d - 0*d + v + 6, -w*v = 0. Let z(i) = -2*i**2 - 9*i - 1. Calculate z(d).
-19
Let y(c) = c**2 - 7*c + 11. Let w be 11/1 - (24 - 19). Suppose 1 = n, w*z = 5*z - 3*n + 11. Give y(z).
19
Suppose 34*w + 2*k = 37*w - 33, -4*k = 5*w - 33. Let j(n) = -n**2 + n + 69. Calculate j(w).
-3
Let x(l) = 17 - 11545*l**2 - 22*l - 3 + 11546*l**2. Give x(21).
-7
Let q(x) = x**2 - 3*x + 3. Let a be 0/(-2) - (-3 - -107)/2. Let s = 56 + a. Let k be q(s). Let u(d) = -d**2 + 9*d + 9. Determine u(k).
23
Let b(c) = -3*c**2 + c + 2. Let a(s) = s**3 + 9*s**2 + s - 20. Let n(o) = a(o) + 5*b(o). Calculate n(5).
-5
Let g be -184*15/(-720) + (-3)/(-18). Let n(t) = 0 - 11 - 3 - 14 + 8*t. What is n(g)?
4
Let m(w) = -w**3 - 6*w**2 - 82*w - 492. Let x be m(-6). Let z(k) = -k**3 + 2*k**2 - 21. Calculate z(x).
-21
Let o(k) = -k - 5. Let d(v) = -v**2 + 7*v - 8. Let y be d(2). Suppose 6*n - 3*c = 4*n - 17, 11 = -y*n - 3*c. Determine o(n).
2
Let j(f) = -f**2 - 7*f + 4. Let v(k) = k**2 + 18*k - 46. Let h(z) = 2*z**3 - 3*z**2 - 2*z + 4. Let g be h(-2). Let y be v(g). Calculate j(y).
10
Let s = -3 - -61. Let m = 99 - s. Let g = -37 + m. Let l(t) = t**2 - t + 1. Determine l(g).
13
Suppose -5*n + 2*m = -42, -6 = -5*m + 14. Let o(j) = n*j - 2*j - 1 - 3 - 3*j. Calculate o(-3).
-19
Let a(s) be the first derivative of -s**2 + 8*s - 321. Let p = -21 + 30. Determine a(p).
-10
Let a = 4 + -3. Let s(y) be the second derivative of y**3/2 + 3*y**2/2 + 2*y + 26065. What is s(a)?
6
Let g be 0/(-3 - (2 - 2)). Let c = -70 - -71. Let w(a) = a**2 + a + 1. Let k(v) = -v**3 - 5*v**2 - 6*v - 10. Let o(p) = c*k(p) + 5*w(p). Give o(g).
-5
Let d(p) = 5*p**3 - 11*p + 3. Let t(o) = 3*o**3 - 7*o + 2. Let f(z) = 5*d(z) - 8*t(z). Let h = 12405 - 12405. Give f(h).
-1
Let d be (12/(-14))/((-87)/406). Let v be 110/25 - d*(-1)/(-10). Suppose -v*x - 19 = -r - 2*r, -13 = -r + 3*x. Let c(n) = 6*n - 1. What is c(r)?
5
Let b(c) = -c + 7. Let f be b(6). Suppose 3*v + f = u, 0 = -3*u + v - 14 + 1. Let n(t) be the third derivative of t**4/24 + t**3/3 - t**2 + 369. Calculate n(u).
-3
Let n(l) = -32*l**3 + l. Let d(v) = v**3 + 8*v**2 + 10*v + 9. Let x be d(-6). Suppose x*z - 16*z = 60. Let i be z/32 - 44/32. Calculate n(i).
31
Let g be (-9)/6*1184/370*(-10)/(-6). Let j(q) = -q**2 + q - 7. What is j(g)?
-79
Let p = -18 + 4. Let i(o) = 1183*o + 11 - 2342*o + 1160*o. Determine i(p).
-3
Let s(k) be the second derivative of -k**4/6 + 29*k**3/6 - 3*k**2 - 3826*k. Determine s(15).
-21
Let l(o) = o**3 - 8*o**2 + 7*o - 10. Suppose 0 = 4*m + 6*z - z - 18, -5*m + 16 = 3*z. Suppose 3*j - 33 = 4*r, 3*j + m*r + 2 - 17 = 0. Calculate l(j).
-10
Let j be (-1)/6 - 5335/(-582). Let d(x) = -x**3 + 11*x**2 - 18*x - 20. Calculate d(j).
-20
Let p(r) = r**2 + 12*r + 24. Suppose 101*w = 59*w - 252. Give p(w).
-12
Let m(x) = -1 + 0*x + 0*x + x. Let q = 6084 + -6092. Give m(q).
-9
Let n = -23205 - -23203. Let p(c) = 2*c**2 + c. Calculate p(n).
6
Let s(t) = -466 + 3*t**3 + 457 - 2*t**3 + 6*t**2 + 2*t. Let 